 to base 12.
751a1
2441765 (base 9) to base 10
1326677
28f88 (base 16) to base 11
1050a0
What is -2ae34d (base 16) in base 10?
-2810701
-110115 (base 11) to base 14
-48113
Convert -10001200102 (base 3) to base 15.
-12cd5
-1d83c (base 14) to base 12
-37992
What is -2b0b1 (base 16) in base 2?
-101011000010110001
What is 4420453 (base 6) in base 4?
311311101
-254244 (base 6) to base 14
-8548
Convert -1100101010011101111 (base 2) to base 11.
-263846
What is -198c76c (base 13) in base 12?
-29a33b7
210012110222 (base 3) to base 16
65e3a
What is -30165055 (base 7) in base 6?
-125354421
Convert -2811514 (base 10) to base 13.
-775924
What is 3022321210 (base 4) in base 13?
23137c
-5320652 (base 7) to base 11
-3aa772
-7c4de3 (base 15) to base 5
-3010033023
Convert -4640550 (base 7) to base 4.
-2031323022
Convert -185840 (base 9) to base 2.
-11100010010011010
Convert 2566510 (base 7) to base 2.
1010010000010110001
Convert 456689 (base 14) to base 10.
2361137
What is -111341004 (base 6) in base 14?
-3ad84c
1225100 (base 10) to base 8
4530614
-1213435 (base 6) to base 2
-1111101100111111
Convert 400143102 (base 5) to base 6.
53341411
Convert -354443001 (base 6) to base 9.
-13473601
Convert -1150112 (base 9) to base 4.
-2120030123
Convert 2ba5ab (base 12) to base 7.
6215531
-4066747 (base 9) to base 5
-1023420424
Convert 4354025 (base 6) to base 15.
445c8
23133133230 (base 4) to base 2
1011011111011111101100
250a9 (base 11) to base 3
1211110102
-8903 (base 11) to base 5
-333430
210010010011110 (base 3) to base 13
242b914
What is -4060070 (base 8) in base 5?
-233320313
-21a761 (base 13) to base 2
-11000001111100001011
-542376 (base 11) to base 9
-1561172
Convert 42715 (base 9) to base 13.
cb48
Convert -319b (base 16) to base 3.
-122102100
What is -13a387 (base 11) in base 10?
-218742
What is 1a14246 (base 11) in base 16?
33ea58
What is -908573 (base 12) in base 14?
-429687
Convert 72b46 (base 13) to base 3.
101110220110
-3341706 (base 8) to base 14
-196a6a
Convert 2111045 (base 6) to base 4.
121003211
Convert 9a3c1 (base 13) to base 16.
44483
What is -2011011011101 (base 3) in base 6?
-40311144
-120221210222 (base 3) to base 14
-82651
What is -479880 (base 10) in base 7?
-4036032
What is -276203 (base 9) in base 6?
-3340220
487a53 (base 12) to base 13
321975
1000011000101110101010 (base 2) to base 14
413278
Convert -101001100001011011100111 (base 2) to base 16.
-a616e7
-3261 (base 11) to base 16
-10ce
-2001101011 (base 3) to base 15
-be64
Convert -154207 (base 9) to base 12.
-46b37
What is -42eed (base 16) in base 9?
-457058
88d2 (base 16) to base 9
53037
1b14d (base 14) to base 2
10000110100000001
-33533204 (base 6) to base 2
-11111001110100100100
What is 26343254 (base 7) in base 10?
2414171
-125404143 (base 6) to base 8
-11434137
What is -1001010000011011011011 (base 2) in base 10?
-2426587
-2620782 (base 9) to base 16
-15d59b
What is -89b15 (base 16) in base 3?
-1001122122111
Convert -16716871 (base 9) to base 2.
-100000000001111100111101
What is -237725 (base 8) in base 13?
-2b363
-11415351 (base 6) to base 2
-1010111111100010011
10101001010101111000 (base 2) to base 5
134143444
What is 370423 (base 12) in base 16?
d9d5b
Convert -23303102002 (base 4) to base 5.
-1242444014
What is -2424043022 (base 5) in base 4?
-111231100103
-7198a9 (base 13) to base 11
-154a15a
Convert -21aa49 (base 11) to base 5.
-42220231
-167000 (base 10) to base 15
-34735
What is 21d74 (base 16) in base 10?
138612
Convert 10100110010011000 (base 2) to base 6.
1454104
Convert 3b0a8 (base 14) to base 8.
434254
Convert 334150341 (base 6) to base 2.
10111001100010010110101
118484 (base 11) to base 15
3a5b1
Convert -12674 (base 11) to base 4.
-10122332
Convert -4b667 (base 12) to base 15.
-2074a
Convert 234214 (base 8) to base 3.
11001202102
-9178719 (base 10) to base 15
-c14949
What is 10200020110000 (base 3) in base 4?
13130320203
Convert 4e76e (base 16) to base 9.
538770
Convert 9ffa5c (base 16) to base 2.
100111111111101001011100
What is -232311012 (base 5) in base 3?
-1222200221102
2006444 (base 8) to base 3
222210210200
Convert -20489 (base 13) to base 6.
-1124035
54045 (base 6) to base 13
3482
Convert 2734 (base 13) to base 6.
42004
What is 2120110202110 (base 3) in base 9?
2513673
Convert -551106 (base 7) to base 2.
-10111100010110110
-311033130 (base 4) to base 14
-5968c
Convert -554402 (base 6) to base 10.
-46370
127758a (base 12) to base 11
2068097
11032023 (base 5) to base 16
17690
What is 233130312112 (base 4) in base 5?
11141021214
Convert -6210671 (base 8) to base 13.
-456a6a
Convert -552833 (base 16) to base 14.
-a53ba3
What is 21221220112220 (base 3) in base 12?
14bbb50
Convert 160277 (base 15) to base 14.
1d98d9
What is -cccb4 (base 16) in base 11?
-523259
What is -43046665 (base 7) in base 4?
-31331111302
Convert 3ceab (base 15) to base 7.
1443341
What is -56539 (base 12) in base 3?
-12211111100
-42519a (base 12) to base 4
-3333103012
-262027 (base 9) to base 4
-212303203
64464303 (base 7) to base 10
5495010
Convert -5513155 (base 7) to base 2.
-10100100111111010111
What is 93b176 (base 13) in base 12?
11a5661
-2212220201010 (base 3) to base 14
-2bcc71
Convert -454164 (base 12) to base 5.
-240344030
Convert -573703 (base 8) to base 10.
-194499
Convert 19521c (base 13) to base 5.
130432230
-136146 (base 11) to base 9
-354322
What is -572213 (base 10) in base 3?
-1002001221002
Convert -27267060 (base 8) to base 13.
-1365014
-25295 (base 15) to base 6
-2313335
What is -34042222 (base 5) in base 15?
-5dbe2
-30201101 (base 5) to base 14
-63a64
1728604 (base 11) to base 8
13155272
What is 1601556 (base 7) in base 15?
44dd0
-1128559 (base 10) to base 6
-40104451
What is -270693 (base 12) in base 14?
-12a891
-3570 (base 11) to base 6
-33351
-131b0 (base 13) to base 8
-105210
-223203330 (base 4) to base 13
-632a3
-2524445 (base 6) to base 15
-2a39b
2562240 (base 8) to base 2
10101110010010100000
Convert 1867b6 (base 15) to base 7.
13040544
-2706703 (base 8) to base 14
-159d2b
What is -65065 (base 11) in base 8?
-270554
Convert 14053526 (base 8) to base 16.
305756
Convert -a0508 (base 12) to base 13.
-7393a
What is 2402a (base 11) in base 8?
103516
What is 43304614 (base 7) in base 15?
4d10e7
4320432 (base 7) to base 9
881526
What is -10100011111111011010 (base 2) in base 12?
-284876
Convert 65170 (base 11) to base 8.
270753
Convert 20034422 (base 5) to base 13.
57337
6ba8b8 (base 13) to base 12
a38736
1473577 (base 8) to base 3
210112100120
Convert -c748 (base 13) to base 8.
-65727
What is -16828001 (base 9) in base 16?
-812272
What is -1100100001000111110111 (base 2) in base 5?
-1320001044
90aa1 (base 11) to base 13
48769
What is 14211133 (base 6) in base 8?
1660541
-25278 (base 13) to base 16
-10bc0
What is 101312111 (base 5) in base 3?
210011101002
101011011111100010011 (base 2) to base 3
2200101222010
What is 121111110 (base 4) in base 9?
167303
What is -4586b (base 12) in base 3?
-11201022202
What is -11877 (base 11) in base 9?
-25315
Convert 93854d (base 15) to base 11.
3a61071
What is 1acc2 (base 15) in base 11?
5a615
What is 76a75 (base 13) in base 8?
643557
Convert -246666 (base 10) to base 3.
-110112100210
-848715 (base 9) to base 10
-505049
Convert 1418880 (base 10) to base 9.
2602303
What is -110114023 (base 5) in base 12?
-1a9899
-56a08 (base 16) to base 4
-1112220020
1004042 (base 7) to base 9
201268
What is 17cb4 (base 13) in base 7?
251306
Convert 32121302 (base 4) to base 9.
88828
Convert 3761974 (base 11) to base 16.
63ad23
What is 163661 (base 13) in base 10?
550343
What is -10100101001011111 (base 2) in base 3?
-11022000102
9c82b (base 16) to base 14
1298a7
What is 45354 (base 10) in base 2?
1011000100101010
What is 5880685 (base 10) in base 7?
100661566
What is -11010001111111000101001 (base 2) in base 7?
-112325445
What is 53b3b (base 14) in base 6?
4201333
What is 157c42 (base 16) in base 6?
50102454
What is 4f5314 (base 16) in base 11?
2a30881
Convert 4c (base 13) to base 5.
224
2247207 (base 8) to base 16
94e87
200003330211 (base 4) to base 5
4122423043
Convert -3948 (base 11) to base 9.
-7034
Convert -293851 (base 10) to base 11.
-190858
10011001000101010010011 (base 2) to base 13
1068295
What is 60aa63 (base 14) in base 16?
31b06f
What is 97818